of 8820 and 86556540?
2940
Calculate the greatest common divisor of 2 and 493541.
1
Calculate the highest common factor of 5 and 9278287.
1
Calculate the greatest common factor of 11988 and 67451.
37
Calculate the greatest common factor of 939660 and 9204.
12
Calculate the highest common factor of 73584800 and 31270.
590
Calculate the highest common factor of 100387 and 50862.
7
What is the highest common divisor of 390036 and 7779?
3
What is the greatest common factor of 840 and 10381080?
120
Calculate the highest common factor of 6765 and 460471.
451
Calculate the highest common factor of 220520874 and 1162.
1162
Calculate the greatest common factor of 1458 and 534000.
6
Calculate the greatest common factor of 46093178 and 1928.
482
Calculate the highest common divisor of 133 and 2356242.
7
Calculate the greatest common factor of 1227432 and 266262.
1194
What is the highest common divisor of 146046578 and 188?
94
What is the highest common factor of 363 and 31395771?
33
Calculate the greatest common divisor of 7344 and 48545136.
432
What is the greatest common divisor of 12 and 1405005666?
6
Calculate the highest common divisor of 5950 and 1117774.
14
What is the highest common divisor of 1422984 and 2921928?
5064
What is the highest common factor of 332928 and 399840?
1632
What is the greatest common divisor of 41794806 and 24?
6
What is the greatest common factor of 253538 and 3910?
34
What is the highest common divisor of 611783685 and 2025?
405
What is the highest common factor of 2225169885 and 505?
505
Calculate the greatest common factor of 64852 and 42773032.
2092
Calculate the highest common divisor of 15711 and 69259325.
5237
Calculate the highest common factor of 1966 and 14359664.
1966
Calculate the greatest common divisor of 1278 and 124614.
18
What is the greatest common factor of 18 and 554668362?
18
Calculate the highest common divisor of 64170 and 1057410.
2790
What is the highest common factor of 81 and 51396039?
81
What is the greatest common divisor of 1634977711 and 773?
773
What is the highest common divisor of 2037735 and 4455?
45
Calculate the highest common factor of 22 and 44328691.
11
Calculate the greatest common factor of 60 and 48198660.
60
Calculate the greatest common divisor of 1791 and 661041.
9
Calculate the highest common factor of 470500 and 566000.
500
What is the highest common divisor of 2635 and 172567?
17
What is the greatest common factor of 1507789755 and 51?
51
What is the highest common divisor of 13123845 and 4697?
427
What is the highest common factor of 43427469 and 204?
51
What is the highest common divisor of 11260 and 48981?
563
Calculate the highest common factor of 775720 and 645.
215
Calculate the highest common divisor of 4080 and 1756860240.
4080
What is the greatest common factor of 5220 and 35550810?
2610
What is the highest common factor of 21034198 and 9171?
1019
What is the greatest common divisor of 62 and 496259904?
62
What is the highest common divisor of 3140392 and 128?
8
Calculate the highest common divisor of 338337 and 5751.
81
Calculate the highest common divisor of 279106948 and 2984.
1492
Calculate the greatest common divisor of 1152 and 1108116.
36
What is the highest common factor of 670 and 3002806?
134
What is the greatest common divisor of 22889304 and 1944?
648
What is the highest common factor of 480832 and 177672?
88
What is the highest common factor of 378 and 12707226?
378
Calculate the highest common factor of 22 and 4568903636.
22
What is the highest common divisor of 12 and 7493904?
12
Calculate the greatest common factor of 221773878 and 41010.
8202
What is the greatest common divisor of 15 and 62665230?
15
What is the greatest common divisor of 178390265 and 1780?
445
Calculate the highest common divisor of 55165 and 22422301.
649
What is the greatest common divisor of 3940 and 44752490?
1970
Calculate the highest common divisor of 4050808 and 8.
8
What is the greatest common divisor of 812102115 and 1515?
1515
What is the highest common factor of 769248 and 16112?
16
Calculate the greatest common divisor of 4342563 and 6.
3
What is the highest common factor of 1038413020 and 1405?
1405
What is the highest common divisor of 77598301 and 5456?
341
Calculate the highest common factor of 1766047 and 23461.
809
Calculate the greatest common factor of 16997 and 2835417.
23
Calculate the greatest common divisor of 640 and 727164416.
128
Calculate the greatest common factor of 1982037 and 17202.
141
Calculate the greatest common divisor of 336 and 15038184.
168
What is the greatest common factor of 58880 and 229280?
160
What is the greatest common factor of 15798 and 2557048482?
15798
What is the highest common factor of 6760536 and 44238?
606
What is the highest common factor of 1049933581 and 278?
139
Calculate the highest common factor of 42947 and 251913.
641
What is the highest common factor of 51758 and 22289213?
3697
What is the greatest common factor of 456 and 2907624?
24
Calculate the greatest common divisor of 4620079 and 1.
1
Calculate the greatest common factor of 1726 and 4133630194.
1726
What is the greatest common divisor of 425 and 598275?
25
What is the greatest common factor of 392 and 15753892?
196
What is the greatest common divisor of 2070 and 15783129?
207
What is the highest common factor of 2840 and 13334368?
568
What is the greatest common factor of 11960 and 34948316?
1196
What is the greatest common divisor of 5905676 and 1568?
196
What is the highest common factor of 28846734 and 861?
21
Calculate the greatest common divisor of 13937845 and 16465.
445
What is the greatest common divisor of 705653 and 35921?
17
Calculate the greatest common factor of 1649 and 277905.
97
Calculate the highest common factor of 1206923 and 62.
31
What is the greatest common divisor of 2288459 and 117090?
1301
What is the highest common factor of 11082576 and 32451?
1119
Calculate the greatest common factor of 106913935 and 85.
85
What is the greatest common factor of 1044582 and 1589126?
2618
What is the greatest common factor of 1376 and 83128288?
1376
Calculate the greatest common factor of 32234 and 2637967.
227
Calculate the highest common divisor of 30048534 and 8688.
1086
Calculate the highest common factor of 3514378 and 379102.
10246
Calculate the highest common divisor of 262061914 and 82.
82
What is the highest common factor of 144 and 11639286?
18
Calculate the highest common factor of 42625 and 31786625.
3875
What is the greatest common divisor of 351 and 3501171?
27
What is the highest common divisor of 288381 and 57909?
291
Calculate the highest common factor of 12844 and 39898027.
169
What is the highest common divisor of 588508 and 30?
2
What is the highest common factor of 1378824 and 3207912?
1752
Calculate the greatest common factor of 52679 and 4719.
11
What is the highest common divisor of 32 and 17682688?
32
Calculate the greatest common divisor of 37225 and 60721420.
7445
Calculate the highest common factor of 38751 and 312.
3
What is the highest common divisor of 24 and 87935896?
8
Calculate the highest common divisor of 101025 and 10925.
25
What is the greatest common factor of 36 and 860130516?
12
Calculate the greatest common divisor of 536732 and 2994656.
812
Calculate the highest common factor of 969 and 19664223.
51
Calculate the greatest common factor of 43309 and 160678.
161
What is the greatest common factor of 12564592 and 16?
16
Calculate the greatest common factor of 688 and 12214666.
86
Calculate the highest common factor of 302049 and 3861.
297
Calculate the highest common factor of 95312 and 1616.
16
What is the greatest common divisor of 36 and 86628438?
18
What is the highest common divisor of 28 and 8439052?
4
What is the highest common divisor of 5760 and 49430?
10
What is the highest common factor of 147925 and 28365?
305
What is the greatest common divisor of 57092 and 48?
4
What is the greatest common divisor of 4076162 and 9681?
461
What is the highest common divisor of 393356 and 5452?
116
What is the greatest common divisor of 5659140 and 248776?
1028
What is the highest common factor of 2264738700 and 40?
20
Calculate the highest common factor of 1755212 and 1825.
73
Calculate the greatest common div